mon factor of h and t?
20
Suppose p + 4*x - 15 = -4*p, p + 4*x = 3. Let a be (-1)/3*(8 + -107). Calculate the highest common divisor of a and p.
3
Let a = 39 - 76. Let x = 85 + a. Calculate the greatest common factor of 16 and x.
16
Suppose 4 = 3*s - s. Let k(r) = 0 + r + 3 - 2. Let c be k(s). Calculate the highest common divisor of c and 15.
3
Let u = -3 - -12. Let s = u + -5. Calculate the highest common factor of s and 4.
4
Let o be (-1 + 1/3)/((-2)/24). What is the highest common factor of 104 and o?
8
Let l(g) = -g**3 - 13*g**2 - 12*g - 4. Let m be l(-12). Let y = -1 - m. What is the highest common divisor of y and 24?
3
Suppose 3*f + 5*s + 67 = 239, 0 = -4*f + 4*s + 176. Calculate the highest common factor of f and 7.
7
Let b(y) = 10*y**2 - 2*y - 1. Let s be b(-1). Calculate the greatest common factor of s and 22.
11
Let d be (-1)/(2/(-4)*1). Let z be -5 + d - (-4 - 1). Suppose -3*o - 5*n + 8 = 0, -1 = -z*o - 2*n + 3. What is the greatest common divisor of o and 5?
1
Let h = -23 + 49. What is the greatest common divisor of 104 and h?
26
Let z be 98/(-21)*18/(-7). Suppose 0 = -t - 0 + z. What is the greatest common divisor of t and 24?
12
Let z(v) = -v**3 - 8*v**2 + 21*v + 12. Let x be z(-10). What is the greatest common divisor of x and 3?
1
Let o = -73 - -150. Let a be -34*2/(-8)*2. Suppose -3*d + a = -16. Calculate the highest common divisor of o and d.
11
Suppose 6 = 8*v - 7*v. Calculate the greatest common factor of 2 and v.
2
Let y = -10 + 12. Let v = 0 + 1. Calculate the highest common divisor of v and y.
1
Let l be 0*(-3)/(0 + 6). Suppose 2*y - 11 - 59 = l. Calculate the highest common factor of y and 5.
5
Let b = 27 - -28. What is the greatest common divisor of 5 and b?
5
Let g(k) = k**3 - 11*k**2 + 12*k. Let p be 4/5*25/2. Let q be g(p). What is the highest common factor of q and 4?
4
Let s(c) = -3*c - 13. Let t be s(-9). Suppose -t + 70 = 4*a. What is the greatest common divisor of a and 14?
14
Suppose 0*o + 1 = o. Let y be -11*(4 - o - 4). What is the highest common factor of y and 11?
11
Let o be 2*((-3)/1)/6 - -216. Calculate the greatest common divisor of o and 43.
43
Let r be (-2387)/(-35) + 2/(-10). What is the highest common factor of r and 17?
17
Let t = -222 + 322. What is the highest common divisor of 25 and t?
25
Let z be (-35)/(-3) + (-17)/3 + 5. Calculate the greatest common factor of z and 22.
11
Let i(g) = -1 + 0 + g + 3*g - 3. Let f be i(3). Calculate the greatest common factor of 88 and f.
8
Let p(o) = o + 8. Let n be p(-7). What is the greatest common divisor of 2 and n?
1
Let s be (0 - -12)/(1 - 0). Let g(l) = -24*l. Let m be g(-1). What is the highest common divisor of m and s?
12
Let m = 61 - 46. What is the highest common factor of 30 and m?
15
Let x = 0 + -1. Let p = x - -1. Suppose 320 = -p*q + 4*q. Calculate the greatest common factor of q and 16.
16
Let g(u) = 2*u - 4. Let c be 15/4 - (-2)/8. Let d be g(c). What is the greatest common divisor of d and 28?
4
Let r = -21 + 14. Let m(x) = -x + 4. Let y be m(r). Calculate the greatest common divisor of 88 and y.
11
Let o = -102 + 109. Calculate the highest common factor of 2 and o.
1
Let b = -16 + 25. Let v(i) be the second derivative of i**3/2 - 9*i**2/2 + 3*i. Let c be v(6). What is the highest common divisor of c and b?
9
Let v be (-1)/(-2) + (-38)/(-4). What is the highest common divisor of v and 70?
10
Suppose a - 5*u = -0*a + 27, 2*a - 15 = -3*u. Let w be ((-2)/3)/((-1)/a). Let h be (w/(-12))/((-2)/3). Calculate the greatest common factor of 1 and h.
1
Let z be 2/3 + 40/30. Suppose -3*k = -z*n - 26, -3*k - 2*k = 4*n - 58. What is the greatest common divisor of 80 and k?
10
Let s(h) = h**3 + 7*h**2 + 6*h + 1. Let a be s(-6). Let d = 4 - -1. Calculate the highest common divisor of a and d.
1
Let k be 1/(-8)*-6*-4. Let x be 0 + 17 + k + 2. What is the greatest common divisor of 8 and x?
8
Suppose -n - 7 = -0*n. Let a = n + 9. Calculate the highest common divisor of a and 1.
1
Let d be (-1)/((-58)/28 + 2). Let v(z) = -d*z**3 - 6 - 8*z**2 + z + 0*z + 15*z**3. Let p be v(8). What is the highest common factor of p and 16?
2
Let q be (-5 - 11)*18/(-8). Let s(m) = -m**2 - 10*m + 9. Let p be s(-10). What is the greatest common divisor of p and q?
9
Suppose 5*x - 16 = 264. Let s be (4/(-5))/((-8)/140). What is the greatest common factor of s and x?
14
Let b = -38 - -73. Calculate the greatest common divisor of 14 and b.
7
Let u = -137 + 229. Calculate the highest common factor of u and 23.
23
Let s = -23 - -53. Let h be (2 - 0)*(6 - 1). Calculate the greatest common divisor of s and h.
10
Let x be -3*1*(0 - 5). Let r be 3/3 + -1 + -2. Let w be ((-35)/(-2))/(r/(-12)). What is the highest common factor of x and w?
15
Let c(g) = -187*g**3 + g**2 - 1. Let o be c(-1). What is the highest common factor of 17 and o?
17
Suppose -335 + 130 = -5*n. Let f be n - ((-4)/(-2) - 1). Let b = -2 - -10. What is the highest common divisor of b and f?
8
Let w = -10 + 40. Let j = w + -15. Let n = 9 - 6. Calculate the greatest common factor of n and j.
3
Suppose 3*p - 32 = -p. Let o(n) = -n**3 + 9*n**2 - 8*n + 4. Let m be o(p). Calculate the greatest common factor of 24 and m.
4
Let r be (-540)/(-55) - -2 - 2/(-11). Calculate the highest common divisor of 108 and r.
12
Suppose 0 = -4*z - 2*p + 68, 2*z + 6*p = p + 50. Let b = z - 11. Let t(f) = -f**3 - 7*f**2 + 8. Let h be t(-7). Calculate the highest common factor of h and b.
4
Suppose 5*o + 5*v = 40, 9*v = -o + 4*v. Calculate the greatest common divisor of o and 70.
10
Suppose 4*h - 5 = o + 96, -3*o = 5*h - 122. Calculate the highest common divisor of h and 250.
25
Let s(k) = -2*k**3 - 4*k**2 - 2*k - 2. Let b be s(-3). Let n be (-30 + -3)*(-5 - 1). What is the highest common factor of n and b?
22
Let u(v) = 6*v - v**2 + 0*v - v + 3. Let k be u(6). Let z be (k/3)/(3/(-168)). What is the highest common divisor of 8 and z?
8
Let n(g) = 2*g + 8. Let l be n(9). Suppose l = 2*r + 6. Calculate the highest common factor of 40 and r.
10
Let n(u) = -6*u - 21. Let a be n(-7). What is the greatest common divisor of 7 and a?
7
Let o(j) = -j**3 - 4*j**2 + 3*j - 6. Let k be o(-5). Let d be 12/14*(3 + 32). Suppose -4*s - s = -d. What is the greatest common factor of k and s?
2
Let d be (-4)/14 + (-111)/(-21). Let x = 3 + -1. Calculate the highest common factor of d and x.
1
Let k be 0 + 1 + -2 - -14. Calculate the greatest common factor of 26 and k.
13
Suppose -9 = -6*u + 3*u. Let t = u - -1. What is the highest common factor of 8 and t?
4
Suppose m = 3*q + 181, 2*m + 5*q + 0*q - 329 = 0. Suppose 0 = n - 4*v - 80, -n - 2*n + m = 5*v. Calculate the greatest common factor of 8 and n.
8
Suppose 2*t - 5*p + 34 = -t, -5*t + 4*p - 35 = 0. Let w be (-2 - t)*-2 - 5. Let b(y) = -2*y + 4. Let u be b(w). What is the highest common factor of 144 and u?
18
Let j = 37 + -26. What is the greatest common factor of j and 22?
11
Suppose 180 - 45 = 2*k - 5*h, h + 5 = 0. Calculate the highest common factor of k and 11.
11
Let h(a) = -3*a**2 + 33*a - 16. Let x be h(8). Let b = 24 + -16. What is the greatest common factor of b and x?
8
Let f be (-22*(-1 - (-3)/6))/1. Calculate the highest common factor of 99 and f.
11
Let v = 3 + -5. Let x = v + 21. Calculate the greatest common factor of x and 38.
19
Suppose -p = -3*d + 97, -158 = -7*d + 2*d - 2*p. Let t = 63 + -45. Suppose -3*k + t = 6. What is the greatest common factor of d and k?
4
Let m = 8 - 7. Let z = m + 24. What is the greatest common factor of z and 200?
25
Suppose -44 = -2*c + 2*u, 22 = 2*c + 4*u - 16. Calculate the highest common divisor of c and 21.
21
Let c = -22 - -36. Calculate the greatest common divisor of c and 35.
7
Let j be ((-3)/2)/(2/(-76)). Let g = -39 - -77. Calculate the greatest common divisor of g and j.
19
Suppose 2*z - 3*t = -2*t + 53, 12 = 4*t. Calculate the highest common factor of 4 and z.
4
Let c(z) = z + 0*z + 0*z + 0*z. Let o be c(1). What is the highest common factor of o and 2?
1
Suppose 4*l - 5*s = 6*l - 57, -s + 53 = 3*l. Let o = -4 + 20. What is the greatest common divisor of o and l?
16
Suppose 0*x - 4*x = a, x = -5*a. Let g be (3/(-6) + a)*-14. Suppose -3*v + 4*r + 106 = 0, -2*r + 101 - g = 2*v. What is the highest common factor of v and 14?
14
Suppose -6*v + 32 = -2*v. 